- 5*t**2 + 4*t - 3. Let x(p) = -o(p) - r(p). Let f be x(4). Calculate the highest common factor of f and 61.
61
Suppose 5*g = 4*r - 8 - 7, 5*r + 15 = -5*g. Suppose r = 5*c - 244 + 84. Calculate the greatest common factor of 224 and c.
32
Let m be (-1)/(1 - 29575/(-44385) - (-135)/(-81)). Calculate the greatest common divisor of 22 and m.
11
Suppose 60*b = -20 + 1820. What is the highest common factor of 22845 and b?
15
Let u(q) = q**3 - 36*q**2 - 21*q - 130. Let o be u(37). Calculate the greatest common factor of o and 1218.
42
Suppose 17*f - 2035 - 269 = -570. Calculate the highest common factor of f and 2958.
102
Let d = -23 + 30. Let p(j) = 2 + j**2 + 5*j + 6*j**2 + 2 + d*j**2. Let i be p(-1). What is the greatest common divisor of 130 and i?
13
Let p = -32807 - -32841. What is the highest common factor of p and 2329?
17
Let u(l) = -l**2 - 101*l - 1179. Let k be u(-14). Let a be 15 - 1*(-3 + 6). What is the highest common factor of a and k?
3
Let a(k) = k**2 + 14*k + 23. Let r be a(-8). Let y = r + 41. Suppose -3*q - y = -5*q. What is the highest common factor of q and 20?
4
Suppose -l - 4*l - 38 = -2*t, 3*t - 11 = -4*l. Suppose 0 = -12*j + t*j + 60. Let q = 345 + -205. Calculate the greatest common divisor of q and j.
20
Suppose -5*q + 2*w + 312 = 0, -300 = -74*q + 69*q + 5*w. Suppose -2*n + 6 = 0, -j - 2*n + q = -92. Calculate the greatest common divisor of 10 and j.
10
Let t(o) = o**3 + 13*o**2 + 2*o - 7. Let z be t(-11). Let n = z + -204. What is the greatest common divisor of n and 12?
3
Suppose -5*f = -4 - 46. Let v(k) = -k**2 + 23*k - 50. Let b be v(f). Calculate the highest common factor of b and 30.
10
Suppose 25*f - 2*i + 48 = 26*f, -20 = -f + 5*i. Let a(q) = 22*q**2 + 6*q. Let o be a(-5). Calculate the highest common divisor of o and f.
40
Suppose -5*z = -0*z + 30, -3*j + 3783 = 4*z. Calculate the highest common divisor of j and 45.
9
Let i(q) = -q**3 - 6*q**2 + q + 34. Let j be i(-5). Suppose 5*f = 87 - 17. Suppose -10*s - f = -11*s. Calculate the highest common factor of s and j.
2
Let z = -37868 + 41750. What is the highest common divisor of z and 48?
6
Let n(r) be the third derivative of r**6/120 + 19*r**5/60 - 5*r**4/6 + 16*r**3/3 - 7*r**2. Let l be n(-20). Calculate the highest common factor of l and 48.
16
Let n = -2 - -5. Suppose n*s - 6 = 0, -5*s - 56 = -4*p + 34. Suppose 7*j - 442 = -4*m, 137*m + 194 = 139*m - j. Calculate the highest common divisor of p and m.
25
Let r be (-1 + 3/(-6))/((-4)/184). Let g = r - 64. Suppose 350 = g*d + 4*j, 0 = d + 3*d - 4*j - 244. What is the highest common divisor of d and 99?
33
Suppose -3*a + 77 = -31. Let v be 34*(-2 - (-5 - -4)). Let x = 20 - v. What is the highest common factor of x and a?
18
Let f be 128/(2/(-56)*-7). Suppose -f = -29*z + 13*z. Calculate the highest common factor of 52 and z.
4
Let r(g) = 2*g**2 + 18*g + 56. Let s be r(-8). Suppose 2*c - 16 = c + y, -3*c - 5*y = -s. What is the greatest common divisor of 5 and c?
5
Suppose 4*y + 4*d = 22344, 4*d - 300 = 5*y - 28257. Calculate the highest common factor of 46 and y.
23
Suppose -3*m + m + 3 = 3*g, -3*g = 3. Let k = 34 - 12. Suppose -o + 2*o + k = m*x, -5*x + 36 = -2*o. What is the highest common factor of 4 and x?
4
Suppose 3*k - 1 = k - 3*g, -4*k - g = 13. Let u be ((-24)/(-30))/(k/(-357 + -3)). What is the greatest common divisor of 396 and u?
36
Let z = 6064 - 5960. What is the highest common factor of z and 442?
26
Let p(k) = 11*k - 5. Let h be p(8). Let j = h - 75. Suppose 3*d + 3*u - 7 = j, 3*d - 14 = -2*u. Calculate the greatest common factor of 32 and d.
4
Suppose 0 = -5*r + 25, -4*s + r - 6*r = -1733. Suppose 2*d = 5*g + 468, d - 6*g = -5*g + 240. Calculate the highest common divisor of s and d.
61
Suppose 5*f = -2*y + 8, 4*y + 23 = -f + 21. Let l be 14/28 - (-119)/f. Calculate the highest common divisor of l and 12.
12
Let o = -35 + 36. Let y = 7 - o. Calculate the greatest common divisor of 42 and y.
6
Let p be 25 + (-2 - 2 - -2). Let h = 3078 - 2825. Calculate the greatest common factor of p and h.
23
Let i = -6982 - -9940. Calculate the highest common factor of i and 58.
58
Suppose 12312 = -26*v + 76*v + 64*v. What is the highest common divisor of 864 and v?
108
Suppose -26 = p - t - 3*t, 2*t + 22 = -2*p. Let o be 6/p - 3*50/(-105). Suppose 5*c - 5*y - 80 = 0, 2 = -y - o. What is the highest common factor of c and 13?
13
Let c = -1010 - -1199. What is the highest common divisor of c and 105?
21
Let a be (3 + 33)*39/39. What is the greatest common factor of a and 8652?
12
Suppose 238*h + 115672 - 5285834 = 4483594. Calculate the highest common divisor of 34 and h.
34
Suppose -n + 0*n - 32548 = -5*o, 3*o - 5*n - 19520 = 0. Calculate the highest common divisor of 558 and o.
186
Let s = 3043 + -3030. Calculate the highest common divisor of s and 559.
13
Suppose 5*i - n - 172 = 32, -5*i = 2*n - 192. Suppose 5*m = -5*m + i. Suppose -2*k + 36 = -7*h + m*h, 0 = 4*h - 8. What is the highest common factor of 3 and k?
3
Suppose 4*r - 12*a = -8*a + 1832, 5*r - 2296 = 2*a. Suppose 2*s - 3*h + 100 = 7*s, -40 = -2*s - 2*h. What is the greatest common divisor of r and s?
20
Let p be 0 - 2/(-2) - -59. Let h(g) = 29*g**2 - 6409*g + 36. Let y be h(221). What is the greatest common divisor of p and y?
12
Suppose 8*r - 2 + 2 = 0. Suppose 4*s - 100 = 4*d, r = -3*s + 6*s + 4*d - 40. Calculate the highest common factor of 50 and s.
10
Let d be ((-660)/48 + 15)*424. Calculate the greatest common factor of 1696 and d.
106
Let z(a) = -35*a - 222. Let v be z(-16). What is the greatest common factor of v and 182?
26
Let c be (70/175)/((-2)/(-3400)). Calculate the highest common factor of 17 and c.
17
Let x be 583 - (-3)/(12/20). Let l be (x/(-35))/((-4)/10). Calculate the greatest common divisor of 336 and l.
42
Suppose -11 - 34 = -5*w. Let n = -152 - -150. Let o be ((-3250)/91 - n/(-7))*-1. What is the highest common divisor of o and w?
9
Suppose 2*b = 2*t + 60, 0*t = 5*t + b + 168. Let y be t/(-11) + 445/1. What is the greatest common divisor of 96 and y?
32
Let t be (1656 - 1726)*(-1)/(1/1). What is the greatest common factor of t and 310?
10
Let h = 31468 + -31438. Suppose -4*b + 15 + 33 = 0. What is the greatest common factor of b and h?
6
Suppose -175*q + 11005 = -7120 - 7250. Calculate the greatest common factor of q and 1856.
29
Let c(w) = 9*w**2 + 135*w - 3755. Let t be c(30). Calculate the greatest common factor of t and 575.
115
Let u be (-7)/((-14)/(-24))*-3. Suppose 0 = 11*r - 124 + 135. Let a be (4/4)/(1/53) - r. What is the highest common factor of a and u?
18
Suppose -20*y + 27*y = 1694. Let t(c) = 2*c**2 + 2*c - 2. Let h be -8*(12/(-8) - -2). Let u be t(h). What is the greatest common divisor of u and y?
22
Let m(j) = -j**3 - 34*j**2 - 96*j + 13. Let r be m(-31). What is the highest common factor of r and 5618?
106
Let i = -28 - -48. Suppose 5*z + i = 10. Let m be 20 - (-2 - z)/(-2). What is the highest common divisor of 40 and m?
20
Let t(u) = u**2 + 26*u - 15. Let p be t(-27). Let j be (135/18)/(p/40). What is the highest common factor of 5 and j?
5
Let o = 297 - 120. Let b(y) = 879*y + 1292. Let c be b(-1). Calculate the greatest common factor of o and c.
59
Let c(x) = -x**3 - 42*x**2 - 44*x + 133. Let p be c(-41). What is the highest common factor of p and 1696?
32
Let y be (10/6 - 0) + (-102648)/(-819). Calculate the greatest common divisor of y and 635.
127
Let p(h) = 28*h - 58*h - 17 - 1. Suppose -24*l + 25*l + 7 = 0. Let z be p(l). Calculate the greatest common divisor of z and 24.
24
Let p = -8986 + 9028. What is the highest common factor of p and 2086?
14
Let d be (1/(2/(-14)))/(-1). Let m = 191 + -105. Suppose -p - j = -23, 2*p - m = -2*p - j. What is the greatest common factor of p and d?
7
Let n(u) = 3*u**2 - u - 2. Let x be n(4). Suppose -17*k + 7*k + 30 = 0. Suppose d = k*d - x. Calculate the greatest common factor of 147 and d.
21
Suppose -2*p - 4*g + 29 + 9 = 0, 5*p + 3*g = 102. Let k be (27 + -16)/((-58)/(-28) + -2). Let z = 168 - k. Calculate the greatest common divisor of z and p.
7
Suppose -935*y + 108 = -931*y. Let n(h) = -h**3 + 12*h**2 - 3*h + 11. Let t be n(8). What is the greatest common divisor of t and y?
27
Let c be ((-38)/(-57))/(1 - 10/12). Let u be 12/c - 8 - 3*-1. Let b be -2*u/